a composite number?
True
Is 20003721487 prime?
False
Is 9142031573 prime?
True
Is 335820551941 a prime number?
False
Is 7089904319 a composite number?
False
Is 32470779871 composite?
False
Is 57222105833 prime?
True
Is 2557002377 a composite number?
True
Is 17292885431 prime?
True
Is 253329095 a composite number?
True
Is 23219491469 a prime number?
True
Is 4107523015 a prime number?
False
Is 26564465939 prime?
False
Is 1065514391 a prime number?
True
Is 544540621 prime?
True
Is 50676024337 a prime number?
False
Is 3432605079 a composite number?
True
Is 6572120519 a prime number?
False
Is 7746969 prime?
False
Is 69570262339 a composite number?
True
Is 11246120579 a composite number?
False
Is 276798547 prime?
True
Is 2359614053 composite?
False
Is 19406357039 prime?
True
Is 4655619149 prime?
True
Is 8559271447 composite?
False
Is 1001231969 composite?
False
Is 1340990543 a prime number?
True
Is 34957381099 a composite number?
True
Is 2577819593 a prime number?
True
Is 31397448161 prime?
False
Is 12264634 prime?
False
Is 4264841333 a composite number?
True
Is 1546502651 composite?
False
Is 1301871661 a prime number?
True
Is 3295851187 composite?
False
Is 1276933391 composite?
False
Is 2889287087 a prime number?
True
Is 42638504281 prime?
True
Is 4135095973 a prime number?
False
Is 23109406843 a prime number?
True
Is 3850521833 a composite number?
False
Is 1305471499 a prime number?
True
Is 55203624989 prime?
True
Is 105137159 a composite number?
False
Is 116888196518 prime?
False
Is 15838832987 composite?
False
Is 689500981 a composite number?
True
Is 275615227 a prime number?
False
Is 2499296507 a composite number?
False
Is 733058897 a prime number?
False
Is 1249519031 a composite number?
False
Is 92459221 a composite number?
True
Is 43484775641 a composite number?
False
Is 9338261047 a composite number?
False
Is 10020919453 composite?
False
Is 17310985819 a prime number?
True
Is 6269627963 a composite number?
True
Is 1799017709 a composite number?
False
Is 749583599 composite?
False
Is 5166417821 composite?
False
Is 727007977 a composite number?
True
Is 1372530881 a composite number?
True
Is 4873585991 a composite number?
True
Is 240056347 composite?
False
Is 52740132517 a composite number?
False
Is 30236941193 prime?
False
Is 313878751063 composite?
False
Is 19896095621 prime?
True
Is 6610887785 prime?
False
Is 1558019891 prime?
False
Is 343128829 prime?
False
Is 4899663658 a prime number?
False
Is 23770391135 prime?
False
Is 2070046553 composite?
False
Is 7395078023 a prime number?
True
Is 13815726479 composite?
False
Is 77234254481 a composite number?
False
Is 3036588239 prime?
True
Is 3741375973 a prime number?
False
Is 95259067 prime?
False
Is 1056387197 prime?
True
Is 437477627 a composite number?
False
Is 5090237891 a composite number?
False
Is 85739243 a prime number?
False
Is 398547829 composite?
False
Is 16248451517 a prime number?
True
Is 4322901307 a prime number?
True
Is 381040538 a composite number?
True
Is 118580718489 prime?
False
Is 37304273 a prime number?
False
Is 13712412137 prime?
False
Is 2158909097 a prime number?
False
Is 492599071 a prime number?
True
Is 64553502103 composite?
False
Is 4276803137 prime?
True
Is 31081831031 prime?
True
Is 606351037 composite?
True
Is 2182562717 a prime number?
False
Is 8839450871 prime?
True
Is 218240219 prime?
True
Is 8229609151 prime?
True
Is 1155514133 a composite number?
False
Is 633396671 composite?
False
Is 9102228593 a composite number?
False
Is 1058398553 a composite number?
True
Is 3671424137 a composite number?
False
Is 17110960357 composite?
False
Is 14855737733 a prime number?
True
Is 18295951297 a prime number?
False
Is 5817388963 a composite number?
True
Is 1170085751 composite?
True
Is 8039569471 prime?
True
Is 261505793681 prime?
False
Is 2447543317 a prime number?
True
Is 50062781047 a prime number?
False
Is 28678222919 a composite number?
False
Is 59081142011 prime?
False
Is 6191530537 a composite number?
True
Is 3422362847 composite?
False
Is 2697268003 composite?
False
Is 83251654747 a composite number?
True
Is 154375799 a composite number?
True
Is 550483735 prime?
False
Is 13017340987 composite?
True
Is 9991442947 a composite number?
False
Is 11775245587 a prime number?
False
Is 346736609 a prime number?
False
Is 14663857451 a prime number?
True
Is 5572456115 a composite number?
True
Is 1198029331 a composite number?
True
Is 14014849879 composite?
True
Is 10322131361 a prime number?
False
Is 150158 composite?
True
Is 301248127 a prime number?
False
Is 2243478361 a composite number?
True
Is 1234294849 a composite number?
False
Is 8829634157 composite?
True
Is 38737805 a prime number?
False
Is 14071095061 a composite number?
False
Is 26782017923 a prime number?
False
Is 2264653973 a composite number?
False
Is 1787502203 a prime number?
False
Is 652222486 prime?
False
Is 461615079199 composite?
False
Is 1371406447 prime?
True
Is 16716538427 prime?
True
Is 10487118827 prime?
False
Is 7868143583 a composite number?
True
Is 2894578606 composite?
True
Is 90341118589 composite?
True
Is 265312837369 prime?
False
Is 15802307 composite?
False
Is 6953557019 a prime number?
True
Is 413439583 prime?
True
Is 832956703 prime?
True
Is 17547790199 a prime number?
True
Is 46436252999 a prime number?
True
Is 104095517 composite?
True
Is 12814722841 prime?
True
Is 26100534311 a prime number?
True
Is 30772061 prime?
True
Is 6926053847 prime?
False
Is 517725499 prime?
True
Is 2020755809 a prime number?
False
Is 15711685207 prime?
False
Is 49371421445 composite?
True
Is 15476313569 a composite number?
True
Is 2859311941 composite?
False
Is 7999215077 composite?
True
Is 53160937433 composite?
False
Is 19910241007 composite?
False
Is 766369754 a composite number?
True
Is 51264538111 prime?
True
Is 503892709 composite?
False
Is 48025652453 a prime number?
True
Is 97089577 prime?
False
Is 12498760501 composite?
False
Is 66403576277 a composite number?
False
Is 886544429 composite?
True
Is 824145599 a prime number?
False
Is 56085905639 a prime number?
True
Is 1740179101 composite?
False
Is 4884399557 composite?
True
Is 136216029407 a composite number?
False
Is 2349295079 composite?
False
Is 24285929 a prime number?
True
Is 1209747889 prime?
False
Is 648965909 a prime number?
True
Is 37481455889 a prime number?
False
Is 22471554473 prime?
True
Is 108769180655 a prime number?
False
Is 72274440629 prime?
True
Is 33431467063 prime?
False
Is 947925047 composite?
True
Is 14891026301 composite?
True
Is 953962571 a composite number?
True
Is 42364609706 a composite number?
True
Is 10266398089 a prime number?
True
Is 82068691 a composite number?
False
Is 465487301 a prime number?
False
Is 376835983 composite?
False
Is 12512142031 a composite number?
False
Is 2055862169 a prime number?
True
Is 2057208191 a composite number?
True
Is 7519921999 composite?
True
Is 668872889 a prime number?
True
Is 46900538501 a prime number?
False
Is 115435872017 composite?
True
Is 20539651321 a prime number?
False
Is 1046742841 composite?
False
Is 211828717 prime?
True
Is 1425512527 prime?
True
Is 11779287203 composite?
True
Is 6123688651 a composite number?
False
Is 43729059851 composite?
True
Is 5204545579 a prime number?
True
Is 196926850513 a composite number?
True
Is 129686411 composite?
True
Is 95396759 composite?
False
Is 328458539 a prime number?
False
Is 49307507 prime?
True
Is 471379627 composite?
False
Is 97063409447 composite?
True
Is 3132430907 composite?
False
Is 495352237 a prime number?
False
Is 120903911965 a prime number?
False
Is 51308921369 a prime number?
True
Is 177602021 a composite number?
True
Is 5038291 composite?
True
Is 3555022621 a composite number?
False
Is 799238801 a composite number?
True
Is 2451038783 a prime number?
False
Is 4920001373 prime?
False
Is 418396183 composite?
False
Is 21453071603 a composite number?
False
Is 21813970511 prime?
False
Is 21486193457 prime?
True
Is 154640491 prime?
True
Is 1125658481 a composite number?
False
Is 135084495199 composite?
True
Is 7912967341 a composite number?
True
Is 578788759 prime?
False
Is 90741254 composite?
True
Is 19826798231 prime?
True
Is 472718201 a prime number?
False
Is 59200021 composite?
True
Is 3006588359 a prime number?
False
Is 